{"id":4342,"date":"2021-01-12T15:49:44","date_gmt":"2021-01-12T14:49:44","guid":{"rendered":"https:\/\/buecher-waltraudberg.de\/shop2\/?post_type=product&#038;p=4342"},"modified":"2023-07-24T11:49:57","modified_gmt":"2023-07-24T09:49:57","slug":"hoerbuch-abschied-nehmen-in-liebe-und-wuerde","status":"publish","type":"product","link":"https:\/\/buecher-waltraudberg.de\/shop2\/produkt\/hoerbuch-abschied-nehmen-in-liebe-und-wuerde\/","title":{"rendered":"Abschiednehmen in Liebe und W\u00fcrde &#8211; H\u00f6rbuch"},"content":{"rendered":"","protected":false},"excerpt":{"rendered":"<p>Roman<\/p>\n<p>Ihr erster Roman, der Gl\u00fccksgef\u00fchle sorgt: \u201eMeinen Eltern gab ich ein Versprechen, das mein ganzes Leben ver\u00e4ndern sollte \u2026\u201c<br \/>\nIn diesem Buch \u201eAbschiednehmen in Liebe und W\u00fcrde\u201c beschreibt die Autorin erlebtes mit den pflegebed\u00fcrftigen Eltern. Es ist Ihr ein Herzenswunsch Mut und Kraft zuzusprechen, f\u00fcr alle diejenigen, die versuchen, die Pflege zu Hause vorzunehmen. In dieser Zeit lernt man sich selbst auch n\u00e4her kennen und vor allen Dingen, wei\u00df man nach dem Ableben der Liebsten, dass man alles versucht hat, den Weg ins andere Leben so angenehm wie m\u00f6glich gemacht zu haben. Dieses Buch er\u00f6ffnet einen Einblick in das Geschehen einer Pflegesituation und soll Sie dabei unterst\u00fctzen, den f\u00fcr Sie richtigen Weg zu finden. Zu helfen, w\u00fcrdevoll dem Ende entgegenzugehen, gibt den \u00dcberlebenden sehr viel innere Leichtigkeit und ein unglaubliches Gef\u00fchl der inneren Freiheit und des Gl\u00fccks.<\/p>\n","protected":false},"featured_media":4363,"template":"","meta":[],"product_brand":[],"product_cat":[117],"product_tag":[],"class_list":{"0":"post-4342","1":"product","2":"type-product","3":"status-publish","4":"has-post-thumbnail","6":"product_cat-hoerbuecher","8":"first","9":"instock","10":"downloadable","11":"shipping-taxable","12":"purchasable","13":"product-type-simple"},"_links":{"self":[{"href":"https:\/\/buecher-waltraudberg.de\/shop2\/wp-json\/wp\/v2\/product\/4342","targetHints":{"allow":["GET"]}}],"collection":[{"href":"https:\/\/buecher-waltraudberg.de\/shop2\/wp-json\/wp\/v2\/product"}],"about":[{"href":"https:\/\/buecher-waltraudberg.de\/shop2\/wp-json\/wp\/v2\/types\/product"}],"wp:featuredmedia":[{"embeddable":true,"href":"https:\/\/buecher-waltraudberg.de\/shop2\/wp-json\/wp\/v2\/media\/4363"}],"wp:attachment":[{"href":"https:\/\/buecher-waltraudberg.de\/shop2\/wp-json\/wp\/v2\/media?parent=4342"}],"wp:term":[{"taxonomy":"product_brand","embeddable":true,"href":"https:\/\/buecher-waltraudberg.de\/shop2\/wp-json\/wp\/v2\/product_brand?post=4342"},{"taxonomy":"product_cat","embeddable":true,"href":"https:\/\/buecher-waltraudberg.de\/shop2\/wp-json\/wp\/v2\/product_cat?post=4342"},{"taxonomy":"product_tag","embeddable":true,"href":"https:\/\/buecher-waltraudberg.de\/shop2\/wp-json\/wp\/v2\/product_tag?post=4342"}],"curies":[{"name":"wp","href":"https:\/\/api.w.org\/{rel}","templated":true}]}}