{"id":4507,"date":"2023-07-20T01:26:29","date_gmt":"2023-07-19T23:26:29","guid":{"rendered":"https:\/\/buecher-waltraudberg.de\/shop2\/?post_type=product&#038;p=4507"},"modified":"2025-01-08T02:14:42","modified_gmt":"2025-01-08T01:14:42","slug":"zirkus-papamanius-hoerbuch","status":"publish","type":"product","link":"https:\/\/buecher-waltraudberg.de\/shop2\/produkt\/zirkus-papamanius-hoerbuch\/","title":{"rendered":"Zirkus Papamanius &#8211; H\u00f6rbuch"},"content":{"rendered":"","protected":false},"excerpt":{"rendered":"<p>Illustriertes Kinderbuch<\/p>\n<p>Es war einmal \u2026 so fangen alle M\u00e4rchen an. Ein kleiner Zirkus, der viele Jahre als Wanderzirkus von Ort zu Ort gereist war, ist an der Mosel auf einem Bauernhof sesshaft geworden. Die Darbietungen der K\u00fcnstler begeistern die Erwachsenen, lassen Kinderaugen strahlen und ihre Herzen vor Aufregung h\u00f6her schlagen. Felix, Max, Lolita uns Sonja sind die Kinder der Zirkusfamilie. Felix, der als Streithahn bekannt ist, f\u00e4ngt mit seinem Mitsch\u00fcler Tobias oft Streit an. Eines Tages l\u00e4sst sich Tobias das nicht mehr gefallen und lauert Felix nach Schulschluss auf. Das Ungl\u00fcck nimmt seinen Lauf\u2026 Hefte liegen in der Jauchegrube. Tobias macht sich aus dem Staub und l\u00e4uft in sein Versteck, das nur er und seine Freunde kennen, in die H\u00f6hlen der Heidestuben oberhalb der Mosel. Die Lehrerin von Tobias erf\u00e4hrt von dem Streit und geht mit ihm zum Zirkusdirektor, dem Vater von Felix. Zur Strafe soll Tobias nach Schulschluss im Zirkus arbeiten, z.B. den Ponystall ausmisten. Da Tobias seine Arbeit im Zirkus sehr gut macht, darf er bei den Zirkusvorstellungen mithelfen. Ob die Streith\u00e4hne Tobias und Felix wohl jemals Freunde werden?<\/p>\n","protected":false},"featured_media":4489,"template":"","meta":[],"product_brand":[],"product_cat":[117],"product_tag":[],"class_list":{"0":"post-4507","1":"product","2":"type-product","3":"status-publish","4":"has-post-thumbnail","6":"product_cat-hoerbuecher","8":"first","9":"instock","10":"downloadable","11":"shipping-taxable","12":"purchasable","13":"product-type-simple"},"_links":{"self":[{"href":"https:\/\/buecher-waltraudberg.de\/shop2\/wp-json\/wp\/v2\/product\/4507","targetHints":{"allow":["GET"]}}],"collection":[{"href":"https:\/\/buecher-waltraudberg.de\/shop2\/wp-json\/wp\/v2\/product"}],"about":[{"href":"https:\/\/buecher-waltraudberg.de\/shop2\/wp-json\/wp\/v2\/types\/product"}],"wp:featuredmedia":[{"embeddable":true,"href":"https:\/\/buecher-waltraudberg.de\/shop2\/wp-json\/wp\/v2\/media\/4489"}],"wp:attachment":[{"href":"https:\/\/buecher-waltraudberg.de\/shop2\/wp-json\/wp\/v2\/media?parent=4507"}],"wp:term":[{"taxonomy":"product_brand","embeddable":true,"href":"https:\/\/buecher-waltraudberg.de\/shop2\/wp-json\/wp\/v2\/product_brand?post=4507"},{"taxonomy":"product_cat","embeddable":true,"href":"https:\/\/buecher-waltraudberg.de\/shop2\/wp-json\/wp\/v2\/product_cat?post=4507"},{"taxonomy":"product_tag","embeddable":true,"href":"https:\/\/buecher-waltraudberg.de\/shop2\/wp-json\/wp\/v2\/product_tag?post=4507"}],"curies":[{"name":"wp","href":"https:\/\/api.w.org\/{rel}","templated":true}]}}